 Is 16382/3*(-7)/(98/n) composite?
False
Suppose -25*y = -724441 - 71734. Is y a composite number?
False
Let t(y) = 1762*y + 295. Let q be t(26). Suppose -q = -9*o - 17370. Is o a composite number?
True
Suppose 4*s = r + 34608, 2*s - 17310 = 4*r - 2*r. Suppose 24523 = 2*h + s. Let t = h - 4685. Is t composite?
False
Let j(r) = -3*r**2 - 238*r + 15. Let l(z) = -2*z**2 - 119*z + 8. Let a(u) = -3*j(u) + 5*l(u). Is a(29) a prime number?
False
Let f(w) = -285*w - 126*w + 25 + 3. Let v be f(-7). Suppose -4*x + 11*x = v. Is x composite?
True
Let o be 444/17 - (-2)/(-17). Let w be (1 - -1)/(5 + o/(-6)). Is (1/2 + 0)/(w/3378) composite?
False
Is (-18362665)/(-235) + 2*9 a composite number?
False
Let g(z) = z**3 - 29*z**2 - 31*z + 27. Let y be g(30). Let r(k) = -12*k**3 - 3*k**2 - 11*k + 1. Is r(y) a composite number?
False
Let w(u) = -21*u - 47. Let z be 930/12 + 1 + (-2)/4. Let l be (-2)/(-3)*z/(-4). Is w(l) a prime number?
False
Let k(w) = 74*w**2 - 5*w + 7. Let f(y) = -370*y**2 + 22*y - 33. Let r(c) = 2*f(c) + 11*k(c). Let o = -14 - -18. Is r(o) composite?
False
Suppose 5*m = -4*g + 20 - 45, -m + 9 = -2*g. Is 58 + 1059 + g/((-10)/(-12)) a composite number?
True
Suppose 0 = 18*l - 20*l + 156. Let r = l + -11. Let v = 81 - r. Is v a prime number?
False
Let q = 2 - 7. Let c(i) = 4*i + 16. Let b be c(q). Let h = b + 47. Is h a prime number?
True
Let u(a) = -a**3 + 9*a**2 + 3*a + 12. Let f be u(9). Is 12/(-8)*(-18694)/f composite?
False
Let m(y) = 362*y + 303703. Is m(0) prime?
True
Suppose 4*h + h - 4230 = -5*v, -3*v - 4*h + 2534 = 0. Suppose -f - 218 = 5*z + 54, -2*z = -3*f - v. Let s = f + 515. Is s a composite number?
False
Let t = -511 - -197. Let q = t + 515. Is q a composite number?
True
Let b = 1284752 - 334423. Is b composite?
False
Let o be (162/(-72))/(-1*(-6)/(-3824)). Let l = o + -933. Suppose -5*v = -l - 2809. Is v composite?
True
Let l(t) be the second derivative of -7/2*t**2 + 0*t**3 + 4*t + 22/3*t**4 + 0. Is l(3) a prime number?
False
Suppose -4*j = -y + 218243, 0 = -y - 5*j - 92880 + 311141. Is y prime?
False
Let g be ((4 - 3) + 3)*1/4. Is g/(-8) - (-2)/(96/14742) composite?
False
Is (-249624)/60*(-75)/30 prime?
False
Let j = 766 - -25. Let x = 158 + j. Is x a prime number?
False
Let b(m) = m**3 + 5*m**2 + m + 2. Let p be b(-5). Is 2*p/12 - (-51824)/32 a prime number?
True
Let w(b) = 1746*b**2 - 16*b + 23. Is w(3) composite?
True
Let n(j) = -2892*j - 7. Let q be n(8). Is ((-6)/(-15))/(q/7715 + 3) prime?
True
Let m(f) = -480*f**3 + 103*f**2 + 18*f - 92. Is m(-13) prime?
True
Suppose -g - 2613 - 4396 = -2*o, 3506 = o + g. Is o composite?
True
Let l be ((-8)/(-12))/(14/147). Suppose -5*p = 3*b - 1690, -2*b + l*b = -4*p + 1365. Is p prime?
False
Suppose -1 = 8*d + 7. Let c be ((-2)/((-6)/9))/(d/(-1)). Suppose c*h = t + h - 205, -3*h = -9. Is t a prime number?
True
Let f = 813 + -879. Is ((-582)/(-12))/((9/f)/(-3)) prime?
False
Suppose 98*r - 182*r + 4409368 = -76*r. Is r composite?
True
Suppose 2*g + j + 1138 = -0*g, -4*j + 8 = 0. Let t be 3 - (g - -1 - 3). Let i = t + -184. Is i composite?
True
Suppose 0 = j - 78171 + 24658. Is j a prime number?
False
Let q = -1019 - -254. Let i = q - -5486. Is i a composite number?
False
Suppose 16*m = 20*m - 168. Let p = -46 + m. Is 6/p*(-742)/3 a prime number?
False
Let t be (-16)/((-144)/45) - (32 - -1). Is 354 - (26/(-7) - t/(-98)) a prime number?
False
Let r = 162537 - 53060. Is r prime?
False
Suppose -3*v = -8*v - 4*a + 3, -5*v = -2*a - 21. Let t be v*(-3)/(-18)*-1*10. Is (4 - -2 - t)*139 composite?
True
Suppose -86*y + 338010 = 2*w - 82*y, 2*w = 2*y + 338052. Is w prime?
True
Suppose 16*j = 12*j - 156. Let x = j - -39. Suppose x = 4*f - 3194 + 6. Is f composite?
False
Let n = -195 - -389. Is n*((-4)/(-6))/((-36)/(-4023)) composite?
True
Suppose 37*g + 10 = 84. Let y(a) = 31*a**2 + 6. Let w(v) = -30*v**2 - 5. Let s(r) = -3*w(r) - 2*y(r). Is s(g) composite?
True
Let s = 67 - 58. Let u(m) = 500*m - 11. Is u(s) a prime number?
False
Suppose 0 = -4*l + 13*l - 18. Suppose 12 = -0*s + 4*s, -3*s = l*j - 19. Suppose 0 = j*q + 5*i - 2380, -4*q + 2389 = q + 2*i. Is q a composite number?
False
Suppose 4*z + 1431799 = 4*j - 76757, 0 = -2*j + z + 754280. Is j composite?
True
Suppose -2*t - 290193 - 14631 = -4*n, -n + 76209 = t. Is n prime?
True
Let i(m) = -125 + 19 - 586*m - 7 - 523*m. Is i(-6) a prime number?
False
Suppose -2*s + 2 = -0. Let i be s/6 + 5210/60. Is i/(((-12)/28)/(-1)) a prime number?
False
Let r(g) be the third derivative of -g**5/60 + g**4/3 - 3*g**3/2 + 6*g**2. Let p be r(6). Suppose p*y = 9*y - 8862. Is y a composite number?
True
Suppose -4*k = -z + 973, -5 = -2*k - 3. Suppose -2*a = -i - 1954, z = a + 3*i - 0*i. Is a a prime number?
True
Suppose 5*z = 2*t - 17990, -3*t - 2*z - 27007 = -6*t. Is t prime?
False
Let w = -119077 + 193038. Is w prime?
True
Suppose 70*z = 74*z - 20. Is 3/z - 724220/(-175) a composite number?
False
Suppose -5*i = 2*q - 18, 2*q = 6*i - 10*i + 16. Let c(x) = 29*x**2 + 3*x - 3. Is c(q) composite?
True
Let d = 126 + -93. Suppose 5*l - 423 = -2*p, 2*p = l - d - 42. Is l a prime number?
True
Let l = -478 - -486. Let f(z) = 760*z - 183. Is f(l) prime?
True
Let n = 140358 - -24173. Is n prime?
True
Let z = -1164 - -2205. Let p = z - 50. Is p a prime number?
True
Let c be ((-14)/(-21))/((-500)/252 - -2). Suppose -47*k + 20530 = -c*k. Is k a composite number?
True
Suppose -2*p = -3*p + 13. Suppose 13 = -w + 3*x, 3*w + 3*x - 8 = p. Suppose 4*d - 2267 = -5*h, -d - 2*h = -w*d + 557. Is d prime?
True
Let r(t) = t**3 - 10*t - 9. Let m be r(4). Is (-120)/16*(-5)/(m/262) prime?
False
Suppose s + 4*i - 2393 = 340, -3*s - 3*i = -8262. Is s a prime number?
False
Let b = -17027 + 44566. Is b composite?
False
Is 28677831/35 + 2*-2 + (-726)/(-165) a prime number?
True
Let l = 8170 + -12070. Let i = -2429 - l. Is i prime?
True
Let s(l) = l**3 + l**2 + 5*l - 5. Let r be s(1). Suppose 0 = 4*n - 4, -5*n = -g - r*n + 538. Is g a prime number?
True
Let y be (3 - 0) + 4/(-12)*3. Let n(x) = -26 + 3*x**y - 20*x + 3*x**2 - x**2 + 0. Is n(-19) composite?
True
Is 56968/(-24)*-36 - 14 a composite number?
True
Let s = -1035 - -248. Let h = 1358 + s. Is h prime?
True
Let u be 3 + -3 + -1 + 8 + 2. Is (-5 - -109328)/u*(-1)/(-3) composite?
False
Let p = 33 - 31. Suppose 3*o - 6*o + r = -3354, -o = p*r - 1125. Suppose t - 1642 = o. Is t prime?
False
Suppose -37 = -4*b - 13. Let v(f) = 7 - 16*f + 3 - 11 + b*f**2. Is v(-14) composite?
False
Let h be (-2259)/(-99) - ((-8)/11)/4. Suppose 20*q + 1372 = h*q - 5*n, 5*n + 2270 = 5*q. Is q composite?
False
Let k = -203526 + 296263. Is k composite?
False
Suppose 5*m = -p + 97 + 28, m = -4*p + 6. Suppose -21*k - 105 = -m*k. Is k a composite number?
True
Let b(u) = -3*u**3 - 6*u**2 + 12*u + 24. Let a be b(-5). Suppose -28924 = 185*p - a*p. Is p prime?
False
Let u(f) = -f**3 - f**2 - 2*f - 2. Let k be u(-2). Suppose -k*a + 4*a = -5918. Is a a prime number?
False
Suppose -3*n - 3*i = 50562 - 232806, -5*i + 121493 = 2*n. Is n a composite number?
True
Suppose 73*f - 8351291 = -2075700. Is f a prime number?
False
Suppose 0 = -k + 180*w - 178*w + 462319, -w = -2. Is k prime?
False
Suppose 18*a - 15*a = 0. Suppose -b + 3*b - 574 = a. Let i = b + -93. Is i prime?
False
Suppose -64*h - 5*m = -68*h + 140771, 105579 = 3*h - 3*m. Is h prime?
False
Is 18158178/54 + 1937/(-117) + 17 prime?
True
Let f(b) = 31*b**2 + 852*b - 1080. Is f(91) prime?
False
Let b = 184 - -842. Is 7745*(0 - -1) + b/171 composite?
True
Let i(w) = -140*w**3 + 27 + 43*w**3 + 48*w**3 + 23*w**2 + 13*w + 48*w**3. Is i(14) a prime number?
True
Let s(w) be the second derivative of 16*w**4/3 - w**3 - 7*w**2/2 - 28*w. Is s(-6) composite?
False
Suppose 0 = 4*u - 3*u. Suppose 32*k - 2879 - 12065 = u. Is k a composite number?
False
Let k(w) = w**3 + 10*w**2 - 7*w + 47. Let l be k(-11). Suppose l*t + 4080 = 26763. Is t prime?
True
Suppose -f + 0*b - 4799 = b, 0 = -f + 3*b - 4811. Let p = 8053 + f. Is p prime?
True
Let a be (-171)/36 - (-2)/(-8)*-3. Suppose 4*r - 2*r = d + 1771, -d = -3*r + 2658. Is r - (a + 4)/3 a composite number?
False
Let y(a) = 895*a**2 - 69*a + 231. Is y(10) prime?
True
Let d = 17 - 67. Let t be ((-24)/(-20))/((-4)/d). Is (-3 - (-50)/t)*1011 prime?
True
Suppose -3*j - 2*a = -7*j + 14176, -4*a =